3*z + 2*z - 25 = 0. Suppose u - 3*k = 5, -u - 3*u + z*k + 6 = 0. What are the prime factors of (-1 - u) + (-18)/(-3)?
2, 3
Let d(n) = n**3 - 12*n**2 - 13*n + 3. Let q be d(13). Suppose p - 29 = 2*c - c, -5*c - 77 = -q*p. What are the prime factors of p?
2, 17
Let f(o) = -o**3 + 6*o**2 + o - 6. Let a be f(5). Let b = 34 - a. What are the prime factors of b?
2, 5
Suppose 1940 + 10 = 6*h. List the prime factors of h.
5, 13
Let x(d) = -d**2 - 7*d + 4. Let g be -9 - 2/(-4)*6. What are the prime factors of x(g)?
2, 5
Let f = -5 - -8. Suppose -5 = -3*c - 5*t, 2*c + c = 5*t - 5. Suppose c = n - f*n + 30. What are the prime factors of n?
3, 5
Let m(u) = -u**3 + 7*u**2 + u - 5. Let s be m(7). Suppose s*i - 62 - 14 = 0. List the prime factors of i.
2, 19
Let g = 26 - 15. What are the prime factors of g?
11
Let w(x) = 41*x + 23. What are the prime factors of w(5)?
2, 3, 19
List the prime factors of 7 + -4 + 178 - 3.
2, 89
Suppose -2*w + 1 = 3*h, w - 17 = -3*h + 3*w. Let i(a) = a**h + 3 + 11*a**2 + 0 + 0*a**3. List the prime factors of i(-11).
3
Suppose -4*j - 4*x = -0*j, -5*j - x = -12. Suppose -8 = -4*g + 2*u, -j*g + 4*u = 3 + 1. List the prime factors of g.
2
List the prime factors of 12/(-18) + 44/3 + 1.
3, 5
Suppose 3*b + 12 = 6. Let q = b - -18. What are the prime factors of q?
2
Suppose 3*u - 7*u = -300. List the prime factors of u.
3, 5
Suppose 0 = 4*g - 0*g - 104. List the prime factors of g.
2, 13
Suppose 4*s + x - 8 = 0, -4*s - 5*x = -x + 4. Suppose s*g - w = 3, -2*w = 5*g - 27 + 11. Suppose -2*y + 22 = -g. What are the prime factors of y?
2, 3
Suppose 0 = 4*k - n - 291, k - 2*n - 60 = 4. What are the prime factors of k?
2, 37
Suppose 4*n = 8*n - 24. Let k = n - 1. Suppose 4 = 3*r - 4*y + 2, -k*y + 20 = 0. What are the prime factors of r?
2, 3
Let y be (2 - 0 - -35)*-1. Let z = -26 - y. Suppose -w + 0*w = -z. List the prime factors of w.
11
Let g = -507 - -839. List the prime factors of g.
2, 83
Suppose 0 = 4*z - 0*z. Suppose n + 2 - 6 = z. List the prime factors of n.
2
Suppose 3*a = 4*a. Let b = 68 - 48. Suppose 0 = -a*v + 4*v - b. List the prime factors of v.
5
Suppose 4 = l - 6. Let b = -8 + l. Suppose -7*x + 80 = -b*x. What are the prime factors of x?
2
Let l = 32 + -27. What are the prime factors of 0 + 1 - (-45 + l)?
41
Suppose -2*h + h + 30 = 5*s, 0 = 2*s + h - 12. Suppose 0 = -3*r + s*r. Suppose 0 = 3*f - 15, r = 4*w + f - 45. List the prime factors of w.
2, 5
Let f = 249 + -143. What are the prime factors of f?
2, 53
What are the prime factors of 597/3*-1*(1 + -2)?
199
Let v(a) be the second derivative of -5/6*a**3 + 0 + 1/20*a**5 + a**2 + a - 1/3*a**4. List the prime factors of v(5).
2
Let s = 68 + -47. List the prime factors of s.
3, 7
Let z = -9 + 47. List the prime factors of z.
2, 19
Suppose 195 = 5*a + 60. List the prime factors of a.
3
Suppose -2*b + 32 - 6 = 0. What are the prime factors of b - (-2)/4*2?
2, 7
What are the prime factors of 2 + 99/(1 + 2)?
5, 7
Let y be 6/24 + 5/(-4). Let v be -2 + (y - (-2 + 3)). What are the prime factors of (v/10)/(1/(-30))?
2, 3
Let g(x) = x**3 - 7*x**2 - 8*x. Let r be g(8). Let j be 5 - 1/(-3)*r. What are the prime factors of 63/j + (-2)/(-5)?
13
Let y = -3 - -4. Let t be 0/2 + y + -17. Let m = t - -26. List the prime factors of m.
2, 5
Suppose 0 = -5*c - 7 + 22. List the prime factors of c.
3
Let k be 1/2*2*0. Suppose 3*b = 0, k = m + b - 7 - 13. What are the prime factors of m?
2, 5
What are the prime factors of 580/(-8)*8/(-10)?
2, 29
Suppose 2*h = 7*h + 5. Let v be (1 + -3 - h) + -21. Let k = v - -42. List the prime factors of k.
2, 5
Suppose 0 = -5*u + 281 + 24. Let f = u + -14. List the prime factors of f.
47
Suppose j - 3*j - 4*q = 10, 4*q = -4*j. Suppose -15 = -2*o + j*o. Let k = -1 - o. What are the prime factors of k?
2
Suppose 5*g - 2*h - 3*h = 1465, 2*g - 5*h = 574. What are the prime factors of g?
3, 11
Suppose 4*g + 32 = 4*s + g, 3*s = -5*g + 53. Suppose 3*n = 4*n - 4*t - 11, -4*t + 8 = 0. Let c = n - s. List the prime factors of c.
2
Let z = 141 + -89. What are the prime factors of z?
2, 13
Let k = -9 - 17. Let y = 43 + k. What are the prime factors of y?
17
Let o(b) = b**3 + 10*b**2 - 5*b - 5. What are the prime factors of o(-10)?
3, 5
Suppose 0*m = -2*m. Suppose -23 = -b + 4*h, m = b - h + 1 - 18. What are the prime factors of b?
3, 5
Suppose 441 = 2*l - k, 6*l - 2*l = -5*k + 917. What are the prime factors of l?
223
Let l(y) = y**2 + y - 10. List the prime factors of l(-5).
2, 5
Let g = 210 - 112. What are the prime factors of g?
2, 7
Let v be (-3*1)/((-15)/10). Suppose -2*g - p = -8 - 23, -v*g = 3*p - 21. List the prime factors of g.
2, 3
Let s(r) = -r**3 - 7*r**2 - 1. Let t be s(-7). What are the prime factors of 1 + 12/((-1)/t)?
13
Let t(a) = -a**3 - 9*a**2 + 11*a + 10. Let j be t(-10). What are the prime factors of (-4)/(-1) + (3 - j)?
7
Let o(s) = s**2 + 4. Let k be o(0). Suppose 24 = -q + k*q. What are the prime factors of q?
2
List the prime factors of ((-2)/(-2))/(18/2034).
113
Suppose -2*o + 4*l + 78 = 0, 0 = 5*o - l + 5*l - 181. List the prime factors of o.
37
Suppose 99 = 3*h - 4*s, -125 = -4*h + 5*s - 2*s. What are the prime factors of h?
29
Let t = -5 - -21. List the prime factors of t.
2
Let n = 3 - -3. What are the prime factors of n?
2, 3
Let t be (-544)/(-7) + 2/7. Suppose -5*p = 3*a - t, 0 = -5*p + 2*a + 14 + 84. List the prime factors of p.
2, 3
Let a = -2 + 2. Let z = 6 - a. Let d = z + -4. List the prime factors of d.
2
Suppose -1 = -l + 1. What are the prime factors of 48/(-2)*l/(-2)?
2, 3
Let r = 3 - 5. Let n = r + 1. List the prime factors of 1 + n + -1 + 4.
3
Let p be (34/8)/(5/(-20)). Let t = p + 31. List the prime factors of t.
2, 7
Suppose 13*b - 9*b = 132. Let w = b + -7. List the prime factors of w.
2, 13
List the prime factors of (151 - 0) + (-1)/((-2)/(-8)).
3, 7
Let o(j) = j**2 - 2*j + 2. Let a(b) = b + 5. Let s be a(-5). Suppose 5*z = s, 5*l + 5*z - 20 = 3*z. List the prime factors of o(l).
2, 5
Suppose -2*f - 13 = -33. What are the prime factors of f?
2, 5
Suppose -6*q = 3*l - 3*q - 408, -l + 5*q + 142 = 0. List the prime factors of l.
137
Let x be (-12)/(-20) + 981/15. Suppose -x = -10*s + 8*s. What are the prime factors of s?
3, 11
Suppose -2*j + 2 = -2. Suppose 0 = -3*o - u + 13, u + 35 = 3*o + j*o. What are the prime factors of o?
2, 3
Let t(m) = 12*m - 6. Let i be t(3). List the prime factors of (-855)/i*4/(-6).
19
Suppose -7*j - 7 = -21. Suppose -j*g + 65 = -g + 4*n, 3*g = -n + 151. What are the prime factors of g?
7
What are the prime factors of 1*(4 + 55 + 3) + 0?
2, 31
Let i = 41 + -12. List the prime factors of i.
29
Let q = -10 + 36. What are the prime factors of q?
2, 13
Let g(r) = -r**2 - 17*r - 14. What are the prime factors of g(-11)?
2, 13
Let y(t) = 50*t. Let m be 2/(-11) - 39/(-33). Let k be y(m). Let q = k + -36. What are the prime factors of q?
2, 7
Let k(i) = 2*i**3 + 2*i + 0*i - 3*i**2 + 4 - 3*i**3. Let f be k(-4). Suppose -4*b - f = -3*u + 3, 12 = 4*b. List the prime factors of u.
3
Suppose 2*y - 3*y = 0. Suppose 4*t + y*t = 20. Suppose -4*o - 3*p = -47, 3*p = -t*o - 12 + 70. List the prime factors of o.
11
Let d be 2/(-5) + (-54)/(-10). Let t be -2*((-132)/8 - 4). Suppose -t = -d*c - 6. What are the prime factors of c?
7
Let d be 5/(-3*(-1)/3). Let u(h) = 2*h - 7. Let s be u(d). Suppose 0 = -s*r + 2*r + 7. What are the prime factors of r?
7
Let v be (-2)/(1 + 1) - -4. Suppose -v*t - 3*b + 38 = -4*b, 2*b + 52 = 4*t. Suppose 2*l = l + t. List the prime factors of l.
2, 3
What are the prime factors of ((-76)/5)/(13/15 + -1)?
2, 3, 19
Let i = -24 + 63. List the prime factors of i.
3, 13
Let b(u) = 3*u - 16. What are the prime factors of b(13)?
23
Let t = -8 + 11. Suppose t*z - 5*w = -39, -z + 3*z = -3*w - 7. Let m = z + 11. What are the prime factors of m?
3
Let b = 9 - 3. What are the prime factors of 0 - 72/(b/(-2))?
2, 3
Suppose 84 = 3*w - 3*f, -f - 16 = -4*w + 102. What are the prime factors of w?
2, 3, 5
Let t = 14 - 12. Suppose -f + t = -3. List the prime factors of f.
5
Suppose 1748 = 8*y - 28. List the prime factors of y.
2, 3, 37
Suppose -v = 3 - 6. Suppose 0 = v*a + y - 42, 4*a + 4*y - 64 = -8. List the prime factors of a.
2, 7
Let v(d) = d**2. Let f(n) = 14*n**2 + 4*n + 4. Let k(y) = f(y) - 12*v(y). Let 